 -2*k(l) - 5*z(l). Suppose 0*r = -3*r + 6. Let q be 2*-1 - (r + -3). What is m(q)?
-9
Suppose 5*y - 4*g + 11 = 0, -5*y - 4*g + 12 + 9 = 0. Suppose 11*d - 113 = 19. Let u be y*-2*d/8. Let z(r) = r**2 + 1. What is z(u)?
10
Suppose 92 = 4*m + 194*v - 190*v, -m = 3*v - 21. Let z(c) = c**2 - 26*c + 27. Calculate z(m).
-21
Let n = 117 + -216. Let j = n - -96. Let a(k) = 17 - 16 - 2*k + 1. Calculate a(j).
8
Suppose 0 = -3*o - 3*o + 666. Let r = 141 - o. Suppose -12*z = -17*z - r. Let h(j) = -j**3 - 6*j**2 - j - 6. What is h(z)?
0
Let c(p) = p**2 + 143*p - 892. Let x be c(6). Let t(n) = -15*n**2 - 7. Calculate t(x).
-67
Let z(s) = s**2 - 9*s - 12. Let k = -6190 + 6200. Give z(k).
-2
Let h = -141 + 144. Suppose h*j - 15 = -35*v + 34*v, -v - 4*j + 18 = 0. Let c(w) = 3*w - 6. Let p(i) = i - 2. Let a(n) = 6*c(n) - 17*p(n). Determine a(v).
4
Let j(w) = 15 + 30 + 606*w - 622*w. Let p(b) = -7*b + 22. Let y(d) = -4*j(d) + 9*p(d). What is y(0)?
18
Suppose -5*l - 50 = y, 296 = 4*l + 4*y + 352. Let r(h) = 5*h + 46. What is r(l)?
1
Let b(y) = -5*y - 198. Suppose 3*i = r + 37, 4*i + 207 = 5*r + 392. Determine b(r).
-13
Let x(b) = 5*b**3 + 3*b**2 - 8*b + 7. Let z(v) = -11*v**3 - 5*v**2 + 17*v - 14. Let r(u) = -9*x(u) - 4*z(u). Give r(-5).
-77
Let g be 27/(-1)*(87/(-9) - (-18 + 9)). Let d(o) = o**3 - 19*o**2 + 18*o + 14. What is d(g)?
14
Let w(r) = r**2 - 6*r - 1. Let k(u) = 9*u - 282. Let h = 724 - 692. Let f be k(h). What is w(f)?
-1
Let j = 376 + -374. Let w(o) = 4*o**2 - 4*o + 6. What is w(j)?
14
Let o(p) = 17*p**3 + 16*p**2 + 31*p + 48. Let b(l) = -5*l**3 - 5*l**2 - 10*l - 15. Let d(h) = -7*b(h) - 2*o(h). Give d(-3).
-15
Let p(g) = -5*g - 27. Let w = 3645 - 3654. What is p(w)?
18
Suppose -13*k + 595 = 3364. Let h = 215 + k. Let m(o) = 16*o - 2. What is m(h)?
30
Let h(q) = -1 - 156*q + 156*q - 2*q**2. Let x = -39 - -93. Let w be 4*(-5 - x/(-12)). Determine h(w).
-9
Let o(a) be the third derivative of 33 - 1/24*a**4 + 0*a**3 + 0*a - a**2. Determine o(3).
-3
Let l be (-2)/(-6) - (-10)/(-3). Let f = -1 - l. Let p(v) = -2*v + 7 - 7 - v + 1. Determine p(f).
-5
Let s(x) = x**2 + 30*x + 131. Let u be s(-5). Let k(b) = -15*b + 86. Let i be k(u). Let d(c) = -c**3 - 3*c**2 + c - 1. Calculate d(i).
11
Let c(o) = -5*o**3 + 6*o**2 + 3*o - 23. Let t(f) = -14*f**3 + 18*f**2 + 8*f - 65. Let k(g) = -11*c(g) + 4*t(g). Suppose -2*y = -1 - 11. Determine k(y).
-13
Let n = 141 + -135. Suppose -8*d = n + 2. Let j(a) = -a**2 - a + 1. Determine j(d).
1
Let w(u) = -2*u. Let f(m) = 4*m. Let k(l) = 3*f(l) + 5*w(l). Let z(c) = 18*c - 4. Let b(y) = -5*k(y) + z(y). Determine b(3).
20
Let h = 172 - 59. Let j be -3 + h + (-3 - 0). Let f = j + -107. Let d(v) = v - 18. What is d(f)?
-18
Suppose 24*b + 221 = -571. Let g(d) = -28*d + 5. Let p(c) = -5*c + 1. Let q(t) = b*p(t) + 6*g(t). What is q(-3)?
6
Let w(d) be the first derivative of -59 - 1/2*d**2 + 6*d. What is w(-6)?
12
Let p(f) = 7*f**3 + 4*f - 8*f**3 + 10 + 6*f**3 - 3*f**3 - f**3 - 7*f**2. Calculate p(6).
-2
Let s(x) = 48*x**2 - x - 1. Suppose 0 = -54*h - 114 + 60. Determine s(h).
48
Let f = 9991 + -10012. Let h(v) = -2*v - 23. Determine h(f).
19
Let j(y) be the first derivative of -y**5/20 + 5*y**4/6 + 11*y**3/6 - y**2 + 11*y + 4. Let c(z) be the first derivative of j(z). Calculate c(11).
-2
Let u(j) = -3*j**3 - 5*j**2 + 2*j - 3. Let t(p) = 4*p**3 + 5*p**2 - 3*p + 2. Let x(f) = -4*t(f) - 5*u(f). Suppose -1 = -w + b, -15 - 1 = -4*b. What is x(w)?
17
Let t(j) = -2*j - 2. Suppose 67*d = 58*d + 693. Suppose 3*y - s - 20 = 0, 4*y - d*s = -74*s + 35. What is t(y)?
-12
Let u be 15/(-20) - ((-270)/(-8))/(-9). Let y(a) = 55*a - 174. What is y(u)?
-9
Let h(j) = 12*j - 1641. Let w be h(137). Let r(t) = -2*t**2 + 8. Calculate r(w).
-10
Let l(k) = -2*k**2 + 4*k + 7. Let t = -236 - -276. Suppose 53*n - t*n = 65. Give l(n).
-23
Let y(s) = s + 21. Let q(c) = c**3 - 3*c + 11. Let i be q(-3). Calculate y(i).
14
Let z = 5070 + -5079. Let a(y) = -y**2 - 9*y + 4. Determine a(z).
4
Let y(s) = -s**2 + 2*s + 2. Let w be (70/(-4))/(-7)*2. Let r be w + (-3)/((-15)/10). Suppose -5 = -4*u + r. Give y(u).
-1
Suppose 5*u + 91 = -5*f + 126, 0 = 5*f - 2*u. Let c(o) = 2*o**3 - 5*o**2 + 7*o - 5. Calculate c(f).
5
Let u(v) = 5*v**3 - 3*v**2 - 8*v - 9. Let x = -355 - -366. Let l(q) = 9*q**3 - 6*q**2 - 15*q - 17. Let t(o) = x*u(o) - 6*l(o). Give t(-2).
3
Let l be 2/(-1)*(6 + -8). Let u be 6 + 7/((-7)/3). Let g(y) = 7*y - y + y**u - 3*y**2 - 10*y + 2 + 2. Give g(l).
4
Let n(u) be the third derivative of u**5/30 - u**3/6 - 68*u**2 - 11*u. Let o(s) = -s**3 - 6*s**2 + 7*s - 1. Let p be o(-7). Calculate n(p).
1
Let m(b) = -b**2 + 5*b + 1. Let v(j) = 33*j + 2. Let q be v(4). Let i = q - 128. Suppose 2*w - w = i. Give m(w).
-5
Let u(n) be the first derivative of n**6/120 + n**5/60 - 5*n**4/24 - 2*n**3/3 - 6*n**2 - n - 54. Let f(b) be the second derivative of u(b). Determine f(-4).
-32
Suppose 9 = -5*b - 1. Let d(t) = 919*t**2 + 2*t + 1. Let p(c) = 817*c**2 + 2*c + 1. Let z(k) = 8*d(k) - 9*p(k). Determine z(b).
-1
Let h(j) be the first derivative of j**3/3 - 4*j**2 + 10*j - 2. Suppose 96*u - 94*u - 7 = -y, 0 = -3*u - 2*y + 10. Calculate h(u).
-6
Let j(d) = -23*d**2 - 34*d + 1. Let s be j(4). Let u = s + 506. Let t(m) = m**2 - 3*m + 6. What is t(u)?
6
Suppose -2*g - 9*i + 13*i = -18, 0 = -4*g - 4*i. Let l(b) = -3*b + 6. Let m(o) = o - 2. Let v(u) = -l(u) - 2*m(u). Calculate v(g).
1
Suppose 4 = g - 5*w - 0, -4*g + 5*w = -1. Let o(i) = -2*i**3 + 8*i**2 + 9*i - 3. Let b(k) = k**2 + k. Let t(a) = g*o(a) + 6*b(a). Calculate t(2).
5
Let a(f) = f - 8. Let i = -71 - -30. Let t = 44 + i. Suppose 5*z - 4*r = 35, -3*z + 2*r - t*r = -21. What is a(z)?
-1
Let i(w) = -w + 5. Let q(f) = 14 + 12*f + 2*f**2 - 2*f**2 + f**2 + 6*f. Let n be q(-19). Suppose 4*a + n = -0*a - 3*o, 21 = -2*a - 3*o. Determine i(a).
11
Let l(s) = 5*s**3 + 111*s**2 - 130*s - 144. Let k(y) = y**3 + 28*y**2 - 32*y - 36. Let b(x) = -9*k(x) + 2*l(x). What is b(29)?
7
Let m(k) be the third derivative of -k**4/24 + 2*k**3 - 2*k**2. Let b = 19397 - 19391. Determine m(b).
6
Let u = -59815 - -59821. Let h(q) = q**2 + 6 + 0*q - 7*q + 1. Determine h(u).
1
Let t(k) = -19*k + 13*k + 12*k - 3*k + 41. What is t(-12)?
5
Let d(k) = -k**2 + 27*k + 124. Let t be d(31). Let s(g) be the third derivative of 1/24*g**4 - 16*g**2 + 0*g + 1/3*g**3 + t. What is s(-9)?
-7
Let p(y) = -y**2 + 9*y - 16. Let j(v) = 3*v**2. Let f be j(1). Let l be p(f). Let b(u) = 4 + u**2 - 3 + 7 - l + 6*u. Determine b(-6).
6
Let o(h) = 2*h**3 - h**2 - 2*h - 1. Let m = -11 - -31. Suppose 27 = 19*t - m*t. Let z(q) = q**3 + 27*q**2 - 2*q - 52. Let r be z(t). Give o(r).
7
Let k(y) = -2*y**3 + y**2 + 11*y + 16. Let v be k(-2). Let u(h) = -h**2 + 10*h + 20. Give u(v).
-36
Let y(w) = w**3 - 7*w**2 + 41*w - 273. Let u be y(7). Let g(t) = -t**2 + 11*t + 47. Give g(u).
5
Let j(i) = -i**3 - 11*i**2 + i + 2. Let c(f) = -6*f**2 + 13*f + 11. Let k be c(8). Let o = k + 258. Give j(o).
-9
Let m(x) = x + 2. Let t be m(-4). Let d(i) be the first derivative of i**3/3 - 3*i**2/2 - 3*i - 484. Determine d(t).
7
Suppose 272 = 7*f + 9*f. Suppose 26 + 42 = -f*a. Let b(h) = -h**2 - 2*h - 1. Give b(a).
-9
Let v(g) be the first derivative of -g**2/2 + 20*g + 1. Let j be (-2168 - -2160)/((-2)/6). Calculate v(j).
-4
Let p(v) be the third derivative of -v**8/1344 + v**7/5040 + 18*v**5/5 - 75*v**2. Let c(b) be the third derivative of p(b). What is c(-1)?
-16
Let p(g) = g**3 + 14*g**2 - 29*g + 50. Let b be p(-16). Let t(l) = -5*l**b + 3 + 8*l - 2 + 4*l**2 - 16 + 4. Give t(8).
-11
Let q be (-1)/1*1 - 0. Let z = 366 + -361. Let w(v) = -10 + 6 + 0*v + z + 5*v. What is w(q)?
-4
Let z(p) = p + 7. Let g(d) be the second derivative of d**4/8 + 2*d**3 + 13*d**2/2 - 18*d. Let b(t) be the first derivative of g(t). Let l be b(-4). Give z(l).
7
Let n be (15480/261)/(-10) + (-623)/203 + 3. Let h(a) = 2*a**2 + 2*a + 7. Determine h(n).
67
Let f be 6/(-6) + 3 + 0. Suppose 7 = f*k - 5*d + 4, 0 = 3*k + 4*d - 62. Let i(l) = -24*l**3 + 9 - 4*l**2 + k*l**3 + 10*l + 9*l**3. Give i(-6).
21
Suppose l = -3*l + 5*s - 87, 4*s = 5*l + 111. Suppose 5*y - 95 = 5*v, -6*y + 8*y - 86 = 5*v. Let u = l - v. Let x(m) = m**3 + 8*m**2 + 8*m + 3. What is x(u)?
-4
Let n(x) = 15*x + 26. Let i(s) = -12*s**2 - 9*s + 19. Let f be i(1). Give n(f